816 = 4*i + 95, 5*m = 2*i - 323. Suppose 4*t - 4*z + i = 6*t, 3*t - 270 = 3*z. Let b = 64 + t. What is the tens digit of b?
5
Let h(o) = -o**3 + o**2 + 8*o - 1. Let l be (-3 + 2)/(4/56). Let t be (l/(-21))/((-2)/3)*4. What is the tens digit of h(t)?
4
Suppose 88*f = -5*r + 91*f + 7181, -4*f - 8 = 0. What is the hundreds digit of r?
4
Let n = -170 - -159. Let j = n - -18. What is the units digit of j?
7
What is the ten thousands digit of 1/(-3)*21/35 + 144942/10?
1
Suppose 11*o - 6*o - 85 = 0. Let v = 28 + o. What is the units digit of (v/(-60))/((-2)/216)?
1
Suppose 0 = -6*l - 5*l + 6*l. Suppose -q - 13 - 5 = l. What is the tens digit of (4/6)/((-12)/q)*91?
9
Suppose -2*s - 178140 = -3*j, 175*s = 4*j + 179*s - 237580. What is the thousands digit of j?
9
Suppose 0 = -5*k + 3689 + 1716. Suppose 0 = -2*l + r + k, 4*r + 2165 = 4*l - r. Let u = l + -370. What is the units digit of u?
0
Let m be 7*1 + (-42)/(-14). Let d be 3/15*-3 - (-3536)/m. Let p = d - 80. What is the tens digit of p?
7
Let b be 415/(-2)*36/(-45). Suppose 0 = -10*f + 1554 + b. Let n = -79 + f. What is the tens digit of n?
9
Suppose -3*i = -2*w + 1248, 17*w + 2500 = 21*w - 5*i. What is the units digit of w?
0
What is the tens digit of ((-10)/((-60)/1814))/(((-6)/45)/(-2))?
3
Suppose 21*u + 136 = 1942. Suppose -2*g - u = -2*f + f, 412 = 5*f - 4*g. What is the units digit of f?
0
Let o(f) = -17*f + 30*f - 29*f - 89 - 9*f. What is the tens digit of o(-11)?
8
Suppose 10*r - 153 = -4*w + 5*r, 2*r = -4*w + 162. Suppose -2*h + 86548 = w*h. What is the units digit of h?
7
Let v(z) = -z**2 - 4*z + 2. Let l be v(-4). Let a = -44 + 76. Suppose -3*f + 5*w = -a, 102 = 5*f + l*w - 3. What is the units digit of f?
9
Let l be (0/5)/(-2) + 6 + 0. Suppose 7 = -o + l. What is the units digit of 4*o - 9/(36/(-512))?
4
Let c(v) = 200*v + 772. What is the hundreds digit of c(4)?
5
Let v = 17 - 13. Suppose v*t - 3146 = -870. What is the tens digit of 4/(-28)*2 + t/7?
8
Let d(u) = u**3 + 9*u**2 + 5*u - 3. Let t be d(-7). What is the tens digit of 1/4 + 1425/t?
2
Let l(q) = -q**3 + 26*q**2 + 65*q - 21. Let u be l(25). Let y = 3409 - u. What is the thousands digit of y?
1
Let h = 14822 - 6748. What is the units digit of h?
4
Let a(r) = 7*r**2 - 447*r - 229. What is the units digit of a(74)?
5
Let z(f) = f**3 + 29*f**2 - 21*f + 12. Let d = 294 - 323. What is the hundreds digit of z(d)?
6
Suppose 5 = 4*i + 3*w, -6 = -5*i - 4*w - 0. Suppose i*k = 13 - 29. What is the tens digit of k/(-12) + 1/(3/70)?
2
Let b(f) = f**3 + 20*f**2 + 22*f - 45. Let v be b(-19). Let s be (-13)/(13/v) + 5. Suppose 105*w + 90 = s*w. What is the units digit of w?
5
Let l be (0 - -5)/(-2 + 1). Let s(r) = -2*r**3 - 2*r**2 - 6*r + 3. What is the units digit of s(l)?
3
Suppose -180*f + 185*f = 0. Suppose 3*i - 3 - 9 = 0, f = 5*n + i - 859. What is the tens digit of n?
7
Let g(i) = -795*i - 7828. What is the units digit of g(-46)?
2
Suppose -21*g - 2984 = 3631. What is the tens digit of (31/5 + 1)/((-9)/g)?
5
Let d(f) = -1450*f**3 + 12*f**2 + 36*f + 91. What is the thousands digit of d(-4)?
2
Suppose o = -3*g + 1, -4*g = -0*g - o + 8. What is the tens digit of -6*(g + (-324)/8)?
4
Let g = 25 + -13. Let l be 1 - ((-3)/12 + 15/g). Suppose l = 4*q - 3*p - 249, 2*q - 5*p = -2*p + 123. What is the units digit of q?
3
Let r(j) = -j**3 + 38*j**2 + 82*j - 55. Let g be r(40). What is the units digit of 5/g + (-589)/(-5)?
8
Let r be 90/(-120)*(-12)/(-1). What is the tens digit of ((-9)/(-2))/((-2)/(r + -139))?
3
Let m = 56435 + -25996. What is the hundreds digit of m?
4
Let w(o) = o**2 + 2*o - 20. Let p be w(5). Suppose 4658 = -p*z + 32*z. What is the hundreds digit of z?
2
Let t = -37868 + 76898. What is the hundreds digit of t?
0
Suppose -7 + 13 = c. Suppose 0 = -c*t + 4*t + 368. Suppose -4*z - 56 + t = 0. What is the units digit of z?
2
Let h(n) = 160*n**2 - 35*n - 144. What is the tens digit of h(13)?
4
Let r = -759 - -1310. Let f = r + -202. What is the units digit of f?
9
Let j(r) be the third derivative of r**6/120 + 4*r**5/15 + r**4/4 + 11*r**3/6 + 17*r**2. Let h be j(-16). Let g = 14 - h. What is the tens digit of g?
9
Suppose 0 = 4*v - 3*f - 49993, -4*f - 10432 = -2*v + 14562. What is the tens digit of v?
9
Let a(v) = 212*v**2 + 420*v - 46. What is the tens digit of a(-15)?
5
Let w = -163 - -166. Suppose 3*c - w*i + 0*i = 1041, c = -2*i + 353. What is the hundreds digit of c?
3
Let d = -27941 - -36446. What is the units digit of d?
5
Suppose 6*p + 18 + 18 = 0. Suppose 0 = -19*y - 13*y - 576. What is the units digit of ((-152)/p)/(-1*2/y)?
8
What is the thousands digit of (14 - 16) + (-2 - -6020) + 3/1?
6
Let g(c) = -1561*c**3 - 2*c**2 - 2*c + 5. Let l(o) = 7806*o**3 + 10*o**2 + 12*o - 25. Let a(x) = 11*g(x) + 2*l(x). What is the hundreds digit of a(-1)?
5
Let s = -12000 + 24465. Suppose 0 = 2*l + 4*o - 3558, -7*l - 7*o + s = -5*o. What is the tens digit of l?
8
Let u = -125 - -128. Suppose 4*m - u*p = 1674, 2*p + 415 = m + 3*p. What is the units digit of m?
7
Let o(r) = r**3 + 13*r**2 - 8*r + 31. Let l be o(-9). Let q = l + -194. What is the tens digit of q?
3
Let f(l) = -177*l**3 - 18*l**2 + 35*l + 145. What is the thousands digit of f(-7)?
9
Suppose 5*l + 5*i + 15 = 0, 3*l = 2*l - 3*i - 13. Suppose -5736 = -10*b + 7*b + 4*w, 0 = -l*b - 3*w + 3841. What is the units digit of b?
6
Let r(g) = 204*g**2 + 11*g + 1. Let y be r(3). Suppose -5*z + y = -2465. What is the units digit of z?
7
Suppose -5*k + 0*f + 82 = -4*f, 48 = 3*k - 3*f. Let d(b) = -k*b - 12 + 3*b - 5. What is the tens digit of d(-7)?
8
Let m be 0*3/6 - 6/(-2). Suppose 610 - 1975 = -m*r. What is the tens digit of r?
5
Suppose -b = -4*f + 18768, 5*b - 14057 = -3*f + b. What is the hundreds digit of f?
6
Let z = 31634 - 21697. What is the hundreds digit of z?
9
Suppose 50*t + 7565 = 4*u + 55*t, 2*u - t - 3779 = 0. What is the tens digit of u?
9
Suppose 0 = 4*j - 3*k + 20, 5*k - 25 = 28*j - 23*j. Let r(s) = -2*s**3 - 8*s**2 - 29*s + 9. What is the hundreds digit of r(j)?
2
Let a = -4480 + 29157. What is the units digit of a?
7
Suppose 0 = 5*i - 2*x - 626, i - x = 4*x + 116. Let q be (i/27)/(1/9). Suppose -4*v = -v - q. What is the tens digit of v?
1
Let t = -48 + 60. What is the hundreds digit of 2 + 1 - 3020/(t/(-3))?
7
Suppose 84932 = 5*d + 4*c, 5*c = 157 - 142. What is the units digit of d?
4
Suppose -3*p - 1726 - 11627 = 0. Let r = p - -6235. What is the hundreds digit of r?
7
Let l = 35212 - 17217. What is the ten thousands digit of l?
1
Let z(l) = -110*l**3 + l**2 + 4*l + 3. Let w be z(-1). Suppose 0*r - 11*r + w = 0. Suppose 4*t + 840 = r*t. What is the hundreds digit of t?
1
Let y = 1786 + -665. Suppose -7*w + 132 + y = 0. Let s = -87 + w. What is the units digit of s?
2
What is the tens digit of (-4 - 7) + (-3 - -1026)?
1
Suppose -2*c - 5*m = -48 - 92, 5*m = -3*c + 220. Suppose 6 = 2*k, 4*w + k - 636 = 5*k. Let o = w - c. What is the tens digit of o?
8
Suppose 2*m + 1 + 0 = -w, -24 = 3*m - 3*w. Let s be m/(-9)*(-186)/(-2). What is the units digit of s/(130/210 + (-4)/14)?
3
Let x = -14 + -24. Let k = 31 + x. What is the units digit of (7 + -6)/((-1)/k)?
7
Suppose 2*v + 1061 = m, 5*m - 2*v = v + 5298. What is the tens digit of m?
5
Let z(f) = 2*f**3 - 4*f**2 - 7*f + 1. Let j be z(7). Suppose 8*r + 9*r = j. Let l = 9 + r. What is the units digit of l?
5
Let i(y) = y**3 + y**2 + 6*y + 3. Suppose 63 - 75 = -3*v. Suppose -6*t + t = 25, v*b - 40 = 4*t. What is the hundreds digit of i(b)?
1
Let g = 9927 + -9662. What is the hundreds digit of g?
2
Let a be (-1 + 285)/(28/42). Let u = a + -66. What is the units digit of u?
0
Suppose -3*l + 2*a = -25886, -l + 114*a - 111*a = -8624. What is the units digit of l?
0
Suppose 12*f - 108660 = 35676 - 41352. What is the units digit of f?
2
Suppose 0 = -4*u - 4*b + 57916, 29*b = 3*u + 25*b - 43409. What is the tens digit of u?
7
Suppose 11*r - 14*r - 5*a = -11991, -2*r + 7962 = -2*a. What is the units digit of r?
7
What is the units digit of (22194/(-12))/((19/(-38))/((-4)/(-6)))?
6
Suppose 18172 = 21*a - 2504 - 97512. What is the hundreds digit of a?
6
Let u(l) be the first derivative of l**2/2 + 5*l + 7. Let a be u(0). Suppose a*y + 12 = 9*y. What is the units digit of y?
3
Suppose d - 19222 = -2*d + u, 5*u - 19234 = -3*d. What is th